be 605/35 - (4 + 182/(-49)). Let t(r) = -n*r - 2 + 2*r**2 + r**2 - 2*r**2 + 18*r. Give t(0).
-2
Let k(d) = -7*d**3 + 37*d**2 + 38*d + 16. Let q(c) = 13*c**3 - 75*c**2 - 77*c - 30. Let b(w) = 11*k(w) + 6*q(w). Calculate b(44).
-4
Let d(o) = 3*o. Suppose -741 = -11*g + 414. Let w = g - 103. What is d(w)?
6
Suppose 3*m = -m. Suppose m = -3*n - 0*n + 12. Let b(k) be the first derivative of k**4/4 - k**3 - 2*k**2 - 5*k - 2590. Give b(n).
-5
Let s = 185 + -180. Suppose 13 = 3*h + z, -2*z = -s*h + z + 17. Let v(b) = -b**3 + 7*b**2 - 5*b - 1. What is v(h)?
27
Suppose 5*d - 4*r - 13 = 33, -4*r = 3*d - 2. Let q(t) = d*t + 7 - 12 + 5 + 3. Let a(x) = 3*x + 13. Let i be a(-5). Calculate q(i).
-9
Let a(n) = 12*n - 4*n + 35 + 2*n + 3*n. Let z be a(-3). Let m(y) = -2*y**2 + 5. Determine m(z).
-27
Suppose 5*h + 59*s = 63*s + 86, 0 = -3*s + 18. Let y(c) be the third derivative of 0*c + 1/20*c**5 + 0 - h*c**2 + 1/8*c**4 - 2/3*c**3. What is y(-3)?
14
Let s be -7*((-3)/(-2))/((-987)/470). Let b(q) = q - 8. Calculate b(s).
-3
Let p(k) = 482*k - 41 + 479*k + 475*k - 1433*k. What is p(15)?
4
Let r(z) = -4*z**2 + 5*z + 15. Let y be r(-3). Let d be (y/(-24))/((-3)/(-8)). Let p(i) = -5*i - i**2 + d*i + 9*i. What is p(6)?
12
Let c be (-170)/(-68)*4/5. Let z(f) be the first derivative of -f**5/30 + f**4/8 - 2*f**3/3 - 8. Let t(g) be the third derivative of z(g). Determine t(c).
-5
Let j be ((-6)/10)/(5/(-25)). Let z = -23 - -25. Let s(h) = z + 4 + j - h - 3. What is s(5)?
1
Let w = 1 - 2. Let x(o) = o**2 - 52*o + 122. Let c be x(51). Let j(b) = -1 + 71*b + c*b - 129*b + 1. What is j(w)?
-13
Let z(y) = 8*y**3 + 6*y**2 - 6*y - 2. Let x be (-4)/(-3)*-32*(-84)/1792. Calculate z(x).
74
Suppose -5*s + 12*s = 322. Let j(l) = -s*l**2 + 11*l**2 + 9*l**2. Determine j(1).
-26
Let r = -1878 + 1873. Let s(p) = -4*p - 5. What is s(r)?
15
Suppose -3*w = 2*w - 55. Let h(x) = -169. Let c(k) = -2*k - 651. Let t(a) = c(a) - 4*h(a). Calculate t(w).
3
Let t(y) = -422*y + 54. Let d(b) = 183*b - 23. Let h(s) = 23*d(s) + 10*t(s). What is h(12)?
-121
Let t(c) be the first derivative of 7*c**4/2 + 58*c**3/3 + 7*c**2/2 - 9*c + 2492. Determine t(-4).
-5
Let a(g) be the first derivative of 3*g**2 - 1/2*g**3 - 16 + 1/3*g**4 + 4*g + 1/20*g**5. Let z(f) be the first derivative of a(f). Calculate z(-5).
-4
Let d = -34925 + 34927. Let l(b) be the second derivative of -1/20*b**5 - 5/2*b**d + 0 - 1/2*b**4 - 4/3*b**3 - 36*b. Determine l(-5).
10
Suppose 0 = -3*g - 5*v + 61, -13*v + 10*v = 2*g - 39. Let h(b) = -5*b + 58. What is h(g)?
-2
Let u(a) = 361*a + 6865. Let q be u(-19). Let v(w) = -w**2 + 6*w - 6 + 8*w - 5*w. Give v(q).
12
Suppose -2*d - 5 + 11 = 0. Suppose 2*x = o + d, 42 = 11*o - 14*o - 5*x. Let z(h) = h**3 + 8*h**2 - 11*h + 8. Calculate z(o).
26
Let v = -1210 - -1210. Let w(j) = 5*j**3 + 2*j + 9. Give w(v).
9
Let r(l) be the third derivative of 13*l**4/12 + 83*l**3/6 - 177*l**2 - 6. Determine r(-3).
5
Let h(p) be the first derivative of -p**4/3 - 97*p**2/2 + 58. Let j(n) be the second derivative of h(n). What is j(-1)?
8
Let a be ((-20)/(-70))/((-1)/(-7)). Let z be ((-11)/((-220)/(-24)))/(6/(-15)). Let v(c) = 0*c**2 - 2*c**z - 7*c**2 + 8*c**2. Determine v(a).
-12
Let s be (-74)/(-26) + (-4 - (-324)/78). Let p(q) = s*q + 194 - 193 - 4*q - 8*q. Suppose 2 + 3 = 5*a. What is p(a)?
-8
Let q(s) = -2*s**2 + 146*s - 1647. Let u be q(59). Let r(x) = 0*x**3 + x**3 + 4 - 8*x**2 + 2*x**2 + 4*x. Determine r(u).
-1
Let h(q) = 11*q + 1. Suppose -5*w + 4*w = -4*k - 19, -4*k = 3*w - 9. Suppose 0 = 21*c + 14 + w. Give h(c).
-10
Let p(b) = 4*b**3 + 8*b**2 - 16*b. Let q(s) = 5*s - 3*s**3 - 5*s**2 + 14*s - 9*s. Let x(z) = 5*p(z) + 8*q(z). Determine x(-1).
4
Let j = 28 + -8. Let i be 3/(-6)*60/(-3). Suppose -2*h + z + j = -z, i = -h - 3*z. Let p(r) = r**3 - 4*r**2 - 7*r + 1. What is p(h)?
-9
Let q(a) = -7*a**3 - 50*a**2 + 24*a + 15. Let w(t) = -4*t**3 - 23*t**2 + 11*t + 7. Let g(u) = -6*q(u) + 13*w(u). Give g(1).
-9
Let x(n) = n + 1. Let g(r) = 2*r**3 + r**2 - r - 1. Suppose 15*v = 13*v + 18. Suppose 6*p + v = 3. Let o be g(p). Calculate x(o).
0
Let w be (-5)/2*(-12)/15. Let q(p) = p - 5*p + 0*p**2 - p**w + 1. Let l = 29 - 32. Give q(l).
4
Let j = 67 + -64. Let q(z) = 6*z + 12. Let v(x) = -3*x - 6. Let k be 231/49 + (-2)/(-7). Let t(u) = j*q(u) + k*v(u). Determine t(-4).
-6
Let v(h) = -17 + 2077*h - 4175*h + 2086*h - h**2. Determine v(-5).
18
Let l(o) be the third derivative of o**6/720 - o**5/15 - 5*o**4/24 + o**3/2 - 60*o**2. Let n(m) be the second derivative of l(m). Calculate n(-8).
-16
Let n(f) = f**3 + 12*f**2 - 17*f - 13. Let p = -5722 - -5709. Determine n(p).
39
Let u(m) = m**2 - 5*m + 4. Let y(h) = 18*h**2 + 9 + 29*h**2 - 9*h - 45*h**2. Let j(b) = 7*u(b) - 3*y(b). Calculate j(7).
-6
Let l(f) = -f**2 + 16*f - 126. Let j be l(11). Let w = -73 - j. Let n(h) = -4*h**3 - 3*h**2 - 4*h - 3. What is n(w)?
25
Let o(v) = -v**2 - 19*v - 14. Let l = -3684 + 3672. Determine o(l).
70
Let u(g) = -g**3 - 1890*g**2 - 5 + 1894*g**2 + 0*g**3 + 1. What is u(4)?
-4
Suppose -2*l + 5*y = -27, -l - 154*y - 14 = -151*y. Let b(g) = -9*g**3 + 7*g**2 - 3*g - 2. Determine b(l).
-7
Suppose x - 6 = -0*x. Let y(c) = -x + 2*c**2 - 1 + 0 + c + 8. Let u(j) = j**3 - 24*j**2 + 41*j + 64. Let p be u(22). What is y(p)?
7
Let r(o) = o**3 + 6*o**2 - 7*o. Let a = -57 + 61. Suppose 3*t = 2*p + 32, -a*t + 2*p - 4*p = -66. Suppose k + t = -k - 3*b, 4*b + 7 = -k. Calculate r(k).
0
Let d(v) = -v**3 - v + 6. Let m be d(0). Let r(i) = 5*i + 9*i**2 - 3*i + 2 - 15*i**2 + i + i**3. Calculate r(m).
20
Let a(f) = -f**3 + 15*f**2 + 13*f - 14. Let r be a(16). Let j = -48 - r. Let d(s) = -6*s**2 + 1 + 17*s**2 - j*s**2 - s**3 + 1. Determine d(-3).
2
Let m(k) = 2*k**3 + 17*k**2 + 9*k - 5. Suppose 4*i + 4*j - 51 = -71, -2*j - 34 = 5*i. Calculate m(i).
-13
Suppose 8*l - 3*l - 305 = 0. Suppose -4*u - l = 331. Let z be (-28)/238 - u/(-34). Let r(h) = 3*h. Calculate r(z).
-9
Let v(s) = 96*s + 1 - 307*s + 105*s + 103*s. Let n be ((-8)/5)/((-10)/75). Suppose n = 2*b - 6*b. What is v(b)?
10
Let v(p) = 77*p**3 + p**2. Let b be v(1). Suppose -b = -9*w + 3*w. Let l(h) = -h + 13. Let t be l(w). Let z(s) = -s**3 + s**2 - 5. Calculate z(t).
-5
Let s(f) be the second derivative of 3*f**2 + 0 + 59*f + 1/2*f**3. Give s(-5).
-9
Let q = -21 - -25. Suppose -5*s - 27 = -q*s. Let l = 33 + s. Let c(n) = -n**3 + 5*n**2 + 7*n + 2. Calculate c(l).
8
Let x(m) = -5*m**2 + 2*m + 1. Let v(j) be the third derivative of -j**5/60 + 5*j**4/24 + 13*j**3/6 + 58*j**2. Let s be v(7). Give x(s).
-6
Let i = -43 + 44. Let r(c) = 0 - c - 118*c**3 + i + 117*c**3. Let j(d) = d**2 + 2*d - 3. Let y be j(-3). Give r(y).
1
Let z = 223 - 213. Let g be z*(-5)/(-60)*6. Let y(s) = -s**2 + 4*s - 3. What is y(g)?
-8
Let u(w) = -44*w**2 - 58*w + 26. Let s(m) = -5*m**2 - 8*m + 3. Let j(d) = 26*s(d) - 3*u(d). What is j(15)?
-60
Let n be (90/50*-2)/((-2)/5). Suppose 7*i + n = -12. Let b(p) = 3*p + 10. Give b(i).
1
Let p(r) = -67*r + 13. Let s(m) = 82*m - 14. Let o(j) = -6*p(j) - 5*s(j). Determine o(4).
-40
Let v(l) be the first derivative of l**2/2 - 29*l + 7483. Determine v(-13).
-42
Let c(p) = 2 - 20*p - 6*p + 0*p - 11*p + 8*p. What is c(-1)?
31
Let l(g) be the first derivative of 4*g - 313 - 1/2*g**4 + 0*g**3 - 3/2*g**2. Calculate l(2).
-18
Let u be (-36)/(-24)*(-2 + 56/12). Let r(n) = -45*n + 12. What is r(u)?
-168
Let w be ((-24)/(-16))/(3/14). Let x be (w/(-3))/(4/(3*4)). Let h(l) = l - 3. Let r(y) = 3*y - 9. Let n(q) = 17*h(q) - 6*r(q). What is n(x)?
10
Let f(o) = -2*o. Let a = 53 - 49. Suppose -6*l = -14 - a. Suppose -4 = 2*w - 3*n, -2*n = l*w - 4*n - 4. Give f(w).
-8
Let a(w) = 10*w**3 + 38*w**2 - 44*w - 58. Let h(z) = -13*z**3 - 39*z**2 + 46*z + 60. Let o(s) = 4*a(s) + 3*h(s). Determine o(-36).
20
Let i(t) = 13*t**3 - 25*t**2 - 92*t + 355. Let f(b) = -3*b**3 + 6*b**2 + 23*b - 87. Let n(m) = -9*f(m) - 2*i(m). Determine n(3).
-5
Let r be -2*(-1)/(-2)*1. Let i(m) = -2*m + 5. Suppose 68 + 92 = -40*s. Let b(x) = -1. Let t(d) = r*i(d) + s*b(d). Calculate t(-3).
-7
Let d(q) = -163*q + 651. Let t(x) = -215*x - 3651. Let b be t(-17). Give d(b).
-1
Suppose 4*r = -4*o, -5*r - 5 = 5. Suppose -2*w - 2*x = 2, -x - 3*x = o*w. Let b(h) = 71*h**2 - 32*h**2 + 3 - 36*h**2 + 2*h + 0*h. What is b(w)?
11
Let b(q) = -6*q**2 + 1. Supp